{"id":2078,"date":"2022-01-05T16:42:00","date_gmt":"2022-01-05T16:42:00","guid":{"rendered":"https:\/\/www.harzklub-ilfeld-wiegersdorf.de\/?page_id=2078"},"modified":"2022-01-05T17:17:08","modified_gmt":"2022-01-05T17:17:08","slug":"bere-bruecke-lindenhoehle","status":"publish","type":"page","link":"https:\/\/www.harzklub-ilfeld-wiegersdorf.de\/?page_id=2078","title":{"rendered":"Bere Br\u00fccke Lindenh\u00f6hle"},"content":{"rendered":"\n<p class=\"has-text-align-center\" style=\"font-size:28px\"><strong><span class=\"has-inline-color has-black-color\">Br\u00fcckenreparatur durch den Harzklub-Zweigverein<br>Ilfeld-Wiegersdorf e. V.<\/span><\/strong><\/p>\n\n\n\n<p>Sie war \u201ein die Jahre gekommen\u201c, die Fu\u00dfg\u00e4ngerbr\u00fccke \u00fcber die Behre im Zuge des Wanderweges vom Netzkater \u00fcber die \u201eLindenh\u00f6hle\u201c nach Sophienhof. Im Jahr 2006 durch den Harzklub erneuert, war die Br\u00fccke st\u00e4ndiger N\u00e4sse und jedem Wetter ausgesetzt. Dies hinterlie\u00df deutliche Spuren. Eine Reparatur besch\u00e4digter Teile des Gel\u00e4nders war nicht mehr m\u00f6glich. Die Quertr\u00e4ger zur Aufnahme der Gel\u00e4nderpfosten und des Bohlenbelages existierten stellenweise nicht mehr. Einen Nagel konnte man mit dem Daumen in das Holz dr\u00fccken. Stabilit\u00e4t und Gebrauchstauglichkeit waren damit nicht mehr zu erreichen. Bild (1)<\/p>\n\n\n\n<p>Dieser Zustand veranlasste den Vorsitzenden des Harzklubzweigvereines, Unterst\u00fctzung zu beantragen, da diese Reparatur von einem Verein finanziell nicht gestemmt werden konnte. Dazu trafen sich am 09.03.2021 beim B\u00fcrgermeister der Gemeinde Harztor Vertreter vom Th\u00fcringer Forstamt Bleicherode-S\u00fcdharz, vom Naturpark S\u00fcdharz und vom Harzklubzweigverein. Schnell wurde klar, dass es im Interesse aller lag, diese Fu\u00dfg\u00e4ngerbr\u00fccke zu erhalten. Zumal diese Br\u00fccke fester Bestandteil eines zertifizierten Wanderweges im S\u00fcdharz ist und f\u00fcr die Behre-Querung im Zuge des Harztor-Laufes bisher zwingend notwendig war und bleiben sollte.<\/p>\n\n\n\n<p>Das Th\u00fcringer Forstamt sicherte zu, f\u00fcr die notwendigen Baumst\u00e4mme, Bohlen und Bretter zu sorgen. Der Bauhof der Gemeinde w\u00fcrde gleichfalls unterst\u00fctzen. Und der Unterzeichner wusste die Vereinsmitglieder vom Harzklubzweigverein ebenso \u201ehinter sich\u201c.<\/p>\n\n\n\n<p>Am 24.03.2021 wurde die Br\u00fccke gesperrt und mit dem Abriss begonnen. Dank gleichzeitig laufender Wegebauarbeiten im Brandesbachtal durch das Th\u00fcringer Forstamt Bleicherode-S\u00fcdharz war kurzfristig die notwendige Technik vor Ort und konnte somit f\u00fcr den R\u00fcckbau und die Entsorgung eingesetzt werden. Bild (2)<br>Diesbez\u00fcglich dankt der Unterzeichner dem engagierten Einsatz von Forstwirtschaftsmeister Lutz Kohlmann, welcher auch daf\u00fcr sorgte, dass uns zwei L\u00e4rchenst\u00e4mme im Revierbereich Helenenhof bei Lipprechterode reserviert wurden.&nbsp; Diese f\u00fcr den Verwendungszweck bestens geeignete Holzart hatte eine Stamml\u00e4nge von 14 m und musste nun zum Einsatzort transportiert werden. Dazu konnte die Firma Uwe Hohlstamm aus Nordhausen gebunden werden. Am 14.April lagen die zwei St\u00e4mme auf dem Parkplatz gegen\u00fcber dem Einsatzort und mussten nun von der Rinde \u201ebefreit\u201c werden. Das gelang mit spezieller Maschinentechnik vom St\u00fctzpunkt Netzkater des Th\u00fcringer Forstamtes recht schnell und unkompliziert.<br>Zwischenzeitlich wurden die Widerlager- bzw. Auflagerbereiche f\u00fcr die Br\u00fcckenbalken mit Schotter und Betonplatten ert\u00fcchtigt.<br>F\u00fcr die Leihgabe der Technik und \u00dcberlassung der Betonplatten danke ich an dieser Stelle besonders dem Forstwirtschaftsmeister Lars Scharfe.<\/p>\n\n\n\n<p>Doch das scheinbar gr\u00f6\u00dfte Problem war noch nicht gel\u00f6st. Wie sollten die nunmehr 12,50 m langen Baumst\u00e4mme \u00fcber die Stra\u00dfe transportiert und in Endlage verlegt werden? Und das bei einer Bundesstra\u00dfe im Kurvenverlauf mit dichtem LKW-Verkehr! Die L\u00f6sung ergab sich jedoch ganz einfach bei einem Vor-Ort-Termin mit dem f\u00fcr die Gemeinde zust\u00e4ndigen Kontaktbereichsbeamten, Herrn Polizeihauptmeister Kaiser. So konnte f\u00fcr den 12.05.2021 ab 07:00 Uhr der Quertransport der St\u00e4mme \u00fcber die B 81 geplant werden. Herr Kaiser stoppte dazu kurzzeitig den kompletten Verkehr auf der Bundesstra\u00dfe. Die Fuhrbetrieb Ingolf M\u00fcller aus Ellrich \/ OT Woffleben nahm die St\u00e4mme einzeln mit dem Bagger auf, transportierte diese \u00fcber die B 81 und verlegte die St\u00e4mme in Endlage \u00fcber die Behre. Dabei musste die B 81 lediglich dreimal f\u00fcr 3-4 min gesperrt werden und nach insgesamt 40 min war alles erledigt. Deshalb dankt der Unterzeichner ausdr\u00fccklich Herrn Polizeihauptmeister Kaiser f\u00fcr dessen souver\u00e4ne L\u00f6sung des Verkehrsproblems, Herrn Torsten M\u00fcller f\u00fcr die tolle Baggerarbeit bei sehr beengten Platzverh\u00e4ltnissen (Leitplanken und Telekom-Kabel). Bild (3) und (4)<\/p>\n\n\n\n<p>Die weiteren Arbeiten konnten nun in Angriff genommen werden. Allerdings ohne Unterst\u00fctzung und Sponsoring durch den Holzbaubetrieb Norbert Schmidt aus Ilfeld w\u00e4re dies nicht m\u00f6glich gewesen. So sorgte Norbert Schmidt nicht nur f\u00fcr die erforderlichen Holztransporte, sondern er stellte dem Harzklubzweigverein f\u00fcr einen ganzen Arbeitstag am 17.06.2021 seine Werkstatt und einen Mitarbeiter kostenlos zur Verf\u00fcgung. Somit konnten die vom Th\u00fcringer Forstamt unentgeltlich bereitgestellten Balken, Bohlen und Bretter bes\u00e4umt und zugeschnitten werden. Von den Vereinsmitgliedern (R. Laszig, A. Volkmann, M. Gerecke, A. Schmidt) wurden anschlie\u00dfend die Quertr\u00e4ger mit den Gel\u00e4nderpfosten vormontiert.<\/p>\n\n\n\n<p>Und pl\u00f6tzlich musste auch \u201ealles\u201c terminlich passen\u2026der 7. Harztor-Lauf durfte stattfinden und hatte ein konkretes Datum erhalten: &nbsp;04.07.2021!<\/p>\n\n\n\n<p>Deshalb trafen sich am 26.06.2021 die Vereinsmitglieder A. Volkmann, M. Gerecke, A. Zeiler, J. Dittmann, R. Deistung, Th. G\u00fcldenzopf, Kl. Huhle, N. und A. Schmidt zur Br\u00fcckenmontage. P\u00fcnktlich um 08:00 Uhr wurde auf dem Firmengel\u00e4nde bei Norbert Schmidt verladen. Bild (5)<\/p>\n\n\n\n<p>Z\u00fcgig erfolgte zun\u00e4chst die Montage der vorgefertigten Quertr\u00e4ger. Danach wurde das Gel\u00e4nder angebracht und abschlie\u00dfend der Bohlenbelag verlegt. Zuletzt wurden &nbsp;die gehobelten Handl\u00e4ufe montiert. Alle Verbindungsmittel stellte uns dabei Norbert Schmidt zur Verf\u00fcgung. Bild (6)<br>Zur Montage durfte nat\u00fcrlich eine Pausenversorgung nicht fehlen. S. Schmidt sorgte mit Kaffee und belegten Br\u00f6tchen f\u00fcr eine gute Stimmung. Bild (7)<br>So konnte die Reparatur des Bauwerkes am Nachmittag des 26.06.2021 abgeschlossen werden. Kaum war die Begehbarkeit wieder hergestellt, wurde die Br\u00fccke von mehreren Wandergruppen zur Behre-Querung genutzt; ein Beleg daf\u00fcr, wie wichtig diese Br\u00fccke ist und wie dieser Wanderweg angenommen wird.<\/p>\n\n\n\n<p>Jetzt fehlte auf beiden Br\u00fcckenseiten nur noch eine begehbare Rampe. Das l\u00f6ste der Bauhof der Gemeinde Harztor am 01.07.2021 mit der beidseitigen Errichtung von Treppenanlagen aus Mineralgemisch und Granitstufen aus alten Best\u00e4nden. Diesen gelungenen Abschluss verdanken wir dem Leiter des Bauhofes Tino Scharfe und seinen Mitarbeitern. Unterst\u00fctzung erhielten wir dabei auch vom Harztor-Laufverein, Dirk Wackerhagen und Sohn. Bild (8),(9)<\/p>\n\n\n\n<p>Somit konnte p\u00fcnktlich zum 7. Harztor-Lauf die Br\u00fccke durch den B\u00fcrgermeister wieder frei gegeben werden. Das wurde bei einem kleinen Br\u00fcckenfest am 02.07.2021 mit Th\u00fcringer Bratwurst w\u00fcrdig gefeiert. Dabei dankte der Unterzeichner im Namen des Montageteams allen Mitwirkenden und Unterst\u00fctzern. <strong><em>Br\u00fcckenbau verbindet eben<\/em><\/strong>, was dieses gemeinsame Bauvorhaben ausdr\u00fccklich beweist. Bild (10)<\/p>\n\n\n\n<p>Und f\u00fcr 2022 steht das n\u00e4chste Br\u00fcckenbauprojekt schon auf der Vorhabenliste des Harzklubzweigvereines Ilfeld-Wiegersdorf\u2026die Reparatur der seit Jahren gesperrten Fu\u00dfg\u00e4ngerbr\u00fccke \u00fcber die Behre n\u00f6rdlich vom Bahnhof Eisfelder Talm\u00fchle!<\/p>\n\n\n\n<p>Andreas Schmidt<\/p>\n\n\n<div id=\"grid-gallery-41-4758\" data-gg-id=\"41\" data-title=\"Bere Br\u00fccke Lindenh\u00f6hle\" data-grid-type=\"0\" data-offset=\"5.3\" data-area-position=\"center\" data-icons=\"\" data-preloader=\"\" data-width=\"215\" data-height=\"215\" data-padding=\"0\" data-quicksand=\"disabled\" data-quicksand-duration=\"none\" data-popup-theme=\"theme_6\" data-popup-type=\"pretty-photo\" data-popup-image-text=\"title\" data-popup-widthsize=\"auto\" data-popup-heightsize=\"auto\" data-popup-i18n-words=\"{&quot;close&quot;:&quot;schlie\\u00dfen&quot;,&quot;next&quot;:&quot;n\\u00e4chste&quot;,&quot;previous&quot;:&quot;vorherige&quot;,&quot;start_slideshow&quot;:&quot;Starte Slideshow&quot;,&quot;stop_slideshow&quot;:&quot;Stoppe Slideshow&quot;,&quot;image&quot;:&quot;Bild&quot;,&quot;of&quot;:&quot;von&quot;,&quot;prev&quot;:&quot;vorherige&quot;,&quot;cExpand&quot;:&quot;Erweitere&quot;,&quot;cPrevious&quot;:&quot;Vorheriges&quot;,&quot;cNext&quot;:&quot;N\\u00e4chstes&quot;,&quot;cExpandStr&quot;:&quot;Erweitere Bild&quot;,&quot;cRotate&quot;:&quot;Rotate&quot;,&quot;cDetails&quot;:&quot;Details&quot;}\" data-popup-slideshow=\"true\" data-popup-slideshow-speed=\"2500\" data-popup-hoverstop=\"true\" data-popup-slideshow-auto=\"true\" data-popup-background=\"\" data-popup-transparency=\"30\" data-popup-disable-history=\"\" data-popup-disable-changed-url=\"\" data-popup-border-type=\"\" data-popup-border-color=\"\" data-popup-border-width=\"\" data-popup-border-enable=\"\" data-fullscreen=\"false\" data-hide-tooltip=\"false\" data-caption-font-family=\"Default\" data-caption-text-size=\"140\" data-is-mobile=\"0\" data-caption-mobile=\"false\" data-hide-long-tltp-title=\"0\" data-caption-disabled-on-mobile=\"false\" data-popup-placement-type=\"0\" data-social-sharing=\"{&quot;enabled&quot;:null,&quot;gallerySharing&quot;:{&quot;enabled&quot;:null,&quot;position&quot;:null},&quot;imageSharing&quot;:{&quot;enabled&quot;:null,&quot;wrapperClass&quot;:&quot; vertical &quot;},&quot;popupSharing&quot;:{&quot;enabled&quot;:null,&quot;wrapperClass&quot;:&quot; vertical &quot;}}\" class=\"grid-gallery grid-gallery-fixed \" style=\" width:100%; height:auto; margin-left:auto; margin-right:auto;position:relative;\"> <div class=\"gallery-loading\"> <div class=\"blocks\"> <div class=\"block\"><\/div> <div class=\"block\"><\/div> <div class=\"block\"><\/div> <div class=\"block\"><\/div> <\/div> <\/div> <div class=\"gallery-sharing-top\" style=\"display:none;\"> <\/div> <div id=\"photos-41\" class=\"grid-gallery-photos\"><FIGURE class=\"grid-gallery-caption\" data-grid-gallery-type=\"quarter-slide-up\" data-index=\"0\" style=\"display:none;border-radius:00;; margin:5.3px; width:2150;\" ><div class=\"crop\" style=\" width:2150; height:2150; overflow:hidden;\"><img decoding=\"async\" src=\"http:\/\/www.harzklub-ilfeld-wiegersdorf.de\/wp-content\/uploads\/2022\/01\/1-215x215.jpg\" class=\"ggImg\" alt=\"1\" title=\"1\" data-description=\"1\" data-caption=\"1\" data-title=\"1\" style=\" width:215px; height:215px;\" \/><\/div><FIGCAPTION class=\"\" data-alpha=\"5\" style=\"color:#ffffff; background-color:#6f0000; font-size:140; text-align:left; font-family:Default;\" ><div class=\"grid-gallery-figcaption-wrap\" style=\"\"><\/div><\/FIGCAPTION><\/FIGURE><FIGURE class=\"grid-gallery-caption\" data-grid-gallery-type=\"quarter-slide-up\" data-index=\"1\" style=\"display:none;border-radius:00;; margin:5.3px; width:2150;\" ><div class=\"crop\" style=\" width:2150; height:2150; overflow:hidden;\"><img decoding=\"async\" src=\"http:\/\/www.harzklub-ilfeld-wiegersdorf.de\/wp-content\/uploads\/2022\/01\/2-215x215.jpg\" class=\"ggImg\" alt=\"2\" title=\"2\" data-description=\"2\" data-caption=\"2\" data-title=\"2\" style=\" width:215px; height:215px;\" \/><\/div><FIGCAPTION class=\"\" data-alpha=\"5\" style=\"color:#ffffff; background-color:#6f0000; font-size:140; text-align:left; font-family:Default;\" ><div class=\"grid-gallery-figcaption-wrap\" style=\"\"><\/div><\/FIGCAPTION><\/FIGURE><FIGURE class=\"grid-gallery-caption\" data-grid-gallery-type=\"quarter-slide-up\" data-index=\"2\" style=\"display:none;border-radius:00;; margin:5.3px; width:2150;\" ><div class=\"crop\" style=\" width:2150; height:2150; overflow:hidden;\"><img decoding=\"async\" src=\"http:\/\/www.harzklub-ilfeld-wiegersdorf.de\/wp-content\/uploads\/2022\/01\/3-215x215.jpg\" class=\"ggImg\" alt=\"3\" title=\"3\" data-description=\"3\" data-caption=\"3\" data-title=\"3\" style=\" width:215px; height:215px;\" \/><\/div><FIGCAPTION class=\"\" data-alpha=\"5\" style=\"color:#ffffff; background-color:#6f0000; font-size:140; text-align:left; font-family:Default;\" ><div class=\"grid-gallery-figcaption-wrap\" style=\"\"><\/div><\/FIGCAPTION><\/FIGURE><FIGURE class=\"grid-gallery-caption\" data-grid-gallery-type=\"quarter-slide-up\" data-index=\"3\" style=\"display:none;border-radius:00;; margin:5.3px; width:2150;\" ><div class=\"crop\" style=\" width:2150; height:2150; overflow:hidden;\"><img decoding=\"async\" src=\"http:\/\/www.harzklub-ilfeld-wiegersdorf.de\/wp-content\/uploads\/2022\/01\/4-215x215.jpg\" class=\"ggImg\" alt=\"4\" title=\"4\" data-description=\"4\" data-caption=\"4\" data-title=\"4\" style=\" width:215px; height:215px;\" \/><\/div><FIGCAPTION class=\"\" data-alpha=\"5\" style=\"color:#ffffff; background-color:#6f0000; font-size:140; text-align:left; font-family:Default;\" ><div class=\"grid-gallery-figcaption-wrap\" style=\"\"><\/div><\/FIGCAPTION><\/FIGURE><FIGURE class=\"grid-gallery-caption\" data-grid-gallery-type=\"quarter-slide-up\" data-index=\"4\" style=\"display:none;border-radius:00;; margin:5.3px; width:2150;\" ><div class=\"crop\" style=\" width:2150; height:2150; overflow:hidden;\"><img decoding=\"async\" src=\"http:\/\/www.harzklub-ilfeld-wiegersdorf.de\/wp-content\/uploads\/2022\/01\/5-215x215.jpg\" class=\"ggImg\" alt=\"5\" title=\"5\" data-description=\"5\" data-caption=\"5\" data-title=\"5\" style=\" width:215px; height:215px;\" \/><\/div><FIGCAPTION class=\"\" data-alpha=\"5\" style=\"color:#ffffff; background-color:#6f0000; font-size:140; text-align:left; font-family:Default;\" ><div class=\"grid-gallery-figcaption-wrap\" style=\"\"><\/div><\/FIGCAPTION><\/FIGURE><FIGURE class=\"grid-gallery-caption\" data-grid-gallery-type=\"quarter-slide-up\" data-index=\"5\" style=\"display:none;border-radius:00;; margin:5.3px; width:2150;\" ><div class=\"crop\" style=\" width:2150; height:2150; overflow:hidden;\"><img decoding=\"async\" src=\"http:\/\/www.harzklub-ilfeld-wiegersdorf.de\/wp-content\/uploads\/2022\/01\/6-215x215.jpg\" class=\"ggImg\" alt=\"6\" title=\"6\" data-description=\"6\" data-caption=\"6\" data-title=\"6\" style=\" width:215px; height:215px;\" \/><\/div><FIGCAPTION class=\"\" data-alpha=\"5\" style=\"color:#ffffff; background-color:#6f0000; font-size:140; text-align:left; font-family:Default;\" ><div class=\"grid-gallery-figcaption-wrap\" style=\"\"><\/div><\/FIGCAPTION><\/FIGURE><FIGURE class=\"grid-gallery-caption\" data-grid-gallery-type=\"quarter-slide-up\" data-index=\"6\" style=\"display:none;border-radius:00;; margin:5.3px; width:2150;\" ><div class=\"crop\" style=\" width:2150; height:2150; overflow:hidden;\"><img decoding=\"async\" src=\"http:\/\/www.harzklub-ilfeld-wiegersdorf.de\/wp-content\/uploads\/2022\/01\/7-215x215.jpg\" class=\"ggImg\" alt=\"7\" title=\"7\" data-description=\"7\" data-caption=\"7\" data-title=\"7\" style=\" width:215px; height:215px;\" \/><\/div><FIGCAPTION class=\"\" data-alpha=\"5\" style=\"color:#ffffff; background-color:#6f0000; font-size:140; text-align:left; font-family:Default;\" ><div class=\"grid-gallery-figcaption-wrap\" style=\"\"><\/div><\/FIGCAPTION><\/FIGURE><FIGURE class=\"grid-gallery-caption\" data-grid-gallery-type=\"quarter-slide-up\" data-index=\"7\" style=\"display:none;border-radius:00;; margin:5.3px; width:2150;\" ><div class=\"crop\" style=\" width:2150; height:2150; overflow:hidden;\"><img decoding=\"async\" src=\"http:\/\/www.harzklub-ilfeld-wiegersdorf.de\/wp-content\/uploads\/2022\/01\/8-215x215.jpg\" class=\"ggImg\" alt=\"8\" title=\"8\" data-description=\"8\" data-caption=\"8\" data-title=\"8\" style=\" width:215px; height:215px;\" \/><\/div><FIGCAPTION class=\"\" data-alpha=\"5\" style=\"color:#ffffff; background-color:#6f0000; font-size:140; text-align:left; font-family:Default;\" ><div class=\"grid-gallery-figcaption-wrap\" style=\"\"><\/div><\/FIGCAPTION><\/FIGURE> <div class=\"grid-gallery-clearfix\"><\/div> <\/div> <div class=\"gallery-sharing-bottom\" style=\"display:none;\"> <\/div> <div class=\"gallery-sharing-image\" style=\"display:none;\"> <\/div> <div class=\"gallery-sharing-popup\" style=\"display:none;\"> <\/div> <div class=\"grid-gallery-clearfix\"><\/div> <\/div> <!-- Gallery by Supsystic plugin1.15.32 --><a title=\"Wordpress Photo Gallery\" style=\"display:none;\" href=\"https:\/\/supsystic.com\/plugins\/photo-gallery\/?utm_medium=love_link\" target=\"_blank\">Wordpress Photo Gallery<\/a>\n","protected":false},"excerpt":{"rendered":"<p>Br\u00fcckenreparatur durch den Harzklub-ZweigvereinIlfeld-Wiegersdorf e. V. Sie war \u201ein die Jahre gekommen\u201c, die Fu\u00dfg\u00e4ngerbr\u00fccke \u00fcber die Behre im Zuge des Wanderweges vom Netzkater \u00fcber die \u201eLindenh\u00f6hle\u201c nach Sophienhof. Im Jahr 2006 durch den Harzklub erneuert, war die Br\u00fccke st\u00e4ndiger N\u00e4sse&hellip; <\/p>\n","protected":false},"author":1,"featured_media":0,"parent":0,"menu_order":0,"comment_status":"closed","ping_status":"closed","template":"","meta":{"footnotes":""},"class_list":["post-2078","page","type-page","status-publish","hentry"],"_links":{"self":[{"href":"https:\/\/www.harzklub-ilfeld-wiegersdorf.de\/index.php?rest_route=\/wp\/v2\/pages\/2078","targetHints":{"allow":["GET"]}}],"collection":[{"href":"https:\/\/www.harzklub-ilfeld-wiegersdorf.de\/index.php?rest_route=\/wp\/v2\/pages"}],"about":[{"href":"https:\/\/www.harzklub-ilfeld-wiegersdorf.de\/index.php?rest_route=\/wp\/v2\/types\/page"}],"author":[{"embeddable":true,"href":"https:\/\/www.harzklub-ilfeld-wiegersdorf.de\/index.php?rest_route=\/wp\/v2\/users\/1"}],"replies":[{"embeddable":true,"href":"https:\/\/www.harzklub-ilfeld-wiegersdorf.de\/index.php?rest_route=%2Fwp%2Fv2%2Fcomments&post=2078"}],"version-history":[{"count":9,"href":"https:\/\/www.harzklub-ilfeld-wiegersdorf.de\/index.php?rest_route=\/wp\/v2\/pages\/2078\/revisions"}],"predecessor-version":[{"id":2100,"href":"https:\/\/www.harzklub-ilfeld-wiegersdorf.de\/index.php?rest_route=\/wp\/v2\/pages\/2078\/revisions\/2100"}],"wp:attachment":[{"href":"https:\/\/www.harzklub-ilfeld-wiegersdorf.de\/index.php?rest_route=%2Fwp%2Fv2%2Fmedia&parent=2078"}],"curies":[{"name":"wp","href":"https:\/\/api.w.org\/{rel}","templated":true}]}}