{"id":1454,"date":"2018-06-09T05:54:03","date_gmt":"2018-06-09T05:54:03","guid":{"rendered":"http:\/\/www.harzklub-ilfeld-wiegersdorf.de\/?page_id=1454"},"modified":"2018-06-09T06:06:10","modified_gmt":"2018-06-09T06:06:10","slug":"mitgliederinfo-zur-datenschutzverordnung","status":"publish","type":"page","link":"https:\/\/www.harzklub-ilfeld-wiegersdorf.de\/?page_id=1454","title":{"rendered":"Mitgliederinfo zur Datenschutzverordnung"},"content":{"rendered":"<h4 style=\"text-align: left;\"><span style=\"color: #339966;\">Info f\u00fcr Vereinsmitglieder gem\u00e4\u00df Datenschutzgrundverordnung<\/span><br \/>\n<span style=\"color: #339966;\"> Die im Aufnahmeantrag als Vereinsmitglied angegebenen personenbezogenen Daten, insbesondere Name, Anschrift, Geburtsdatum, Telefonnummer, Bankdaten, die allein zum Zwecke der Durchf\u00fchrung des bestehenden Vertragsverh\u00e4ltnisses notwendig und erforderlich sind, werden auf Grundlage gesetzlicher Berechtigungen erhoben.<\/span><br \/>\n<span style=\"color: #339966;\"> F\u00fcr jede dar\u00fcberhinausgehende Nutzung der personenbezogenen Daten und die Erhebung zus\u00e4tzlicher Informationen bedarf es der Einwilligung des Betroffenen. Eine solche Einwilligung k\u00f6nnen Sie freiwillig erteilen (z.B. f\u00fcr Fotos im Internet).<\/span><br \/>\n<span style=\"color: #339966;\"> Rechte des Betroffenen: Auskunft, Berichtigung, L\u00f6schung und Sperrung, Widerspruchsrecht<\/span><br \/>\n<span style=\"color: #339966;\"> Sie sind gem\u00e4\u00df \u00a7 15 DSGVO jederzeit berechtigt, gegen\u00fcber dem Harzklub Zweigverein Ilfeld-Wiegersdorf um umfangreiche Auskunftserteilung zu den zu Ihrer Person gespeicherten Daten zu ersuchen.<\/span><br \/>\n<span style=\"color: #339966;\"> Gem\u00e4\u00df \u00a7 17 DSGVO k\u00f6nnen Sie jederzeit gegen\u00fcber dem <\/span><span style=\"color: #339966;\">Harzklub Zweigverein Ilfeld-Wiegersdorf <\/span><span style=\"color: #339966;\">die Berichtigung, L\u00f6schung und Sperrung einzelner personenbezogener Daten verlangen. Sofern es nicht mit anderen Gesetzlichkeiten in Konflikt ger\u00e4t.<\/span><br \/>\n<span style=\"color: #339966;\"> Sie k\u00f6nnen dar\u00fcber hinaus jederzeit ohne Angabe von Gr\u00fcnden von Ihrem Widerspruchsrecht Gebrauch machen und die erteilte Einwilligungserkl\u00e4rung bis dato ab\u00e4ndern oder g\u00e4nzlich widerrufen. Sie k\u00f6nnen den Widerruf entweder postalisch oder per E-Mail an den Vertragspartner \u00fcbermitteln. Es entstehen Ihnen dabei keine anderen Kosten als die Portokosten bzw. die \u00dcbermittlungskosten nach den bestehenden Basistarifen.<\/span><\/h4>\n","protected":false},"excerpt":{"rendered":"<p>Info f\u00fcr Vereinsmitglieder gem\u00e4\u00df Datenschutzgrundverordnung Die im Aufnahmeantrag als Vereinsmitglied angegebenen personenbezogenen Daten, insbesondere Name, Anschrift, Geburtsdatum, Telefonnummer, Bankdaten, die allein zum Zwecke der Durchf\u00fchrung des bestehenden Vertragsverh\u00e4ltnisses notwendig und erforderlich sind, werden auf Grundlage gesetzlicher Berechtigungen erhoben. F\u00fcr jede&hellip; <\/p>\n","protected":false},"author":1,"featured_media":0,"parent":0,"menu_order":0,"comment_status":"closed","ping_status":"closed","template":"","meta":{"footnotes":""},"class_list":["post-1454","page","type-page","status-publish","hentry"],"_links":{"self":[{"href":"https:\/\/www.harzklub-ilfeld-wiegersdorf.de\/index.php?rest_route=\/wp\/v2\/pages\/1454","targetHints":{"allow":["GET"]}}],"collection":[{"href":"https:\/\/www.harzklub-ilfeld-wiegersdorf.de\/index.php?rest_route=\/wp\/v2\/pages"}],"about":[{"href":"https:\/\/www.harzklub-ilfeld-wiegersdorf.de\/index.php?rest_route=\/wp\/v2\/types\/page"}],"author":[{"embeddable":true,"href":"https:\/\/www.harzklub-ilfeld-wiegersdorf.de\/index.php?rest_route=\/wp\/v2\/users\/1"}],"replies":[{"embeddable":true,"href":"https:\/\/www.harzklub-ilfeld-wiegersdorf.de\/index.php?rest_route=%2Fwp%2Fv2%2Fcomments&post=1454"}],"version-history":[{"count":8,"href":"https:\/\/www.harzklub-ilfeld-wiegersdorf.de\/index.php?rest_route=\/wp\/v2\/pages\/1454\/revisions"}],"predecessor-version":[{"id":1464,"href":"https:\/\/www.harzklub-ilfeld-wiegersdorf.de\/index.php?rest_route=\/wp\/v2\/pages\/1454\/revisions\/1464"}],"wp:attachment":[{"href":"https:\/\/www.harzklub-ilfeld-wiegersdorf.de\/index.php?rest_route=%2Fwp%2Fv2%2Fmedia&parent=1454"}],"curies":[{"name":"wp","href":"https:\/\/api.w.org\/{rel}","templated":true}]}}